mon factor of 312 and h?
13
Let j = -128 - -183. Let z = -982 + 1037. Calculate the highest common divisor of j and z.
55
Suppose 7*o - 402 = g, -224 = -5*o + o + 2*g. Calculate the greatest common divisor of 2146 and o.
58
Let r(u) = 6*u - 11. Let l be r(12). Suppose -p + 5*h + 38 = 0, 2*p + 0*h - 46 = 4*h. Let d = l - p. What is the highest common divisor of d and 72?
24
Suppose -6 = -5*t + 3*t. Suppose 0 = -2*f + t*f - 4*m + 17, 0 = 3*f - 4*m + 27. Let u = f - -17. Calculate the greatest common factor of 48 and u.
12
Let u = 16 + -19. Let k(b) = b**2 - 4*b - 1. Let q be k(u). Calculate the highest common factor of q and 4.
4
Let j be (3 - 14)*245/(-539). Suppose 2*f + 0*f = 130. What is the highest common divisor of j and f?
5
Let p = 720 - 704. Calculate the greatest common divisor of 92 and p.
4
Suppose 4 - 7 = -x. Let c(l) = l**2 + 9*l - 3. Let y be c(-4). Let z = y - -56. What is the greatest common factor of z and x?
3
Let q = 224 + -134. Suppose -2*u = -6*u + 16. Let a(x) = 2*x**2 - 8*x + 10. Let p be a(u). Calculate the highest common factor of p and q.
10
Suppose 72 - 48 = -4*x. Let u be 0 - 34*15/x. Calculate the greatest common divisor of 68 and u.
17
Suppose -2*n + n - 2*z = -4, 0 = -4*n - 2*z - 2. Let q be n + 50 + (0 - -3). What is the greatest common divisor of q and 34?
17
Suppose n = 64*n - 4284. What is the greatest common divisor of 3468 and n?
68
Suppose 0*u - u = -3*t + 326, 4*u - 5*t = -1276. Let f = u - -212. Let d = f + 170. What is the greatest common factor of 17 and d?
17
Suppose -142 = 3*l - 214. Calculate the greatest common divisor of 84 and l.
12
Let p be 0*(5/15 - 0). Suppose 12*c - 9*c - 21 = p. What is the greatest common factor of c and 49?
7
Let y be (105/(-9))/(36/(-27) + 1). Calculate the highest common factor of y and 105.
35
Suppose -792*n + 10560 = -772*n. Calculate the greatest common divisor of 16 and n.
16
Suppose -2*o + 23 + 45 = 0. Let k be 1 - o*2/(-4). What is the greatest common factor of k and 2?
2
Let j be (-3)/(-1) - (-9 + 2). Let b = 1040 + -1005. Calculate the greatest common factor of j and b.
5
Let z = 107 - 102. Let y(r) = r**3 - r**2 - 7*r + 7. Let l be y(z). What is the greatest common divisor of 180 and l?
36
Let c = -1482 + 2219. What is the highest common factor of 268 and c?
67
Suppose -4*d + 10*d = 24. Suppose 7*m + 2 = -n + 3*m, -d*n + 5*m = -13. Calculate the highest common factor of 34 and n.
2
Suppose 18*x = 13*x - 5. Let k be -4 + (x + 14 - -4). What is the highest common factor of 39 and k?
13
Let a(l) = -17*l - 3. Let m(d) = -4*d - 1. Let k(w) = 6*a(w) - 26*m(w). Let j be k(8). Calculate the highest common factor of 24 and j.
24
Suppose -459 = 12*d - 1359. Calculate the greatest common divisor of d and 60.
15
Suppose 0 = 2*t - 3*t + 3. Suppose t*r + 35 = -13. Let g be r*(1 - (1 + 1)). What is the greatest common divisor of g and 2?
2
Suppose 52 = -3*u - 17. Let g = -16 - u. Let z(m) = m**3 - 3*m**2 - 15*m + 8. Let t be z(g). Calculate the greatest common factor of t and 9.
9
Let k(u) = 3*u + 36. Let w be k(-9). Calculate the highest common factor of 12 and w.
3
Let m(f) = -130*f - 2. Let s be m(-1). Calculate the highest common divisor of 320 and s.
64
Let b be 6*1/3 - (-370 - 5). Calculate the greatest common divisor of b and 29.
29
Suppose 4*b - 125 = -5*u + 621, 2*u = -5*b + 312. Suppose 4*l - 2*a = u, -2*l - 12 = 3*a - 73. Let g = l - 21. What is the greatest common factor of g and 28?
14
Suppose -5*s + 0*g + 60 = 5*g, 5*s - 52 = -g. Let l(f) = 4*f + 24. Let c be l(s). Calculate the highest common divisor of 32 and c.
32
Suppose -t = 4*u + 12, -3*t = -7*t - 3*u + 4. Let w = 29 - 11. Suppose -t*k - 3*o + o = -44, -2*k + w = -o. What is the highest common divisor of k and 15?
5
Let b be (6/4)/((-1)/(-8)). Let a be (b/14)/((-2)/(-14)). Suppose -6*l - 2*h + 46 = 0, -5*l + 16*h - 15*h = -49. Calculate the highest common factor of l and a.
3
Let g be ((-2)/(-3))/(20/360). Calculate the highest common divisor of 348 and g.
12
Let o(n) = 2*n - 11. Let c(a) = 2*a**2 + 3*a - 1. Let w be c(-3). Let f be o(w). Calculate the greatest common divisor of 1 and f.
1
Let b = -14 + 47. Suppose -5*k + 2*k + b = 0. Let n = -142 + 219. What is the greatest common factor of k and n?
11
Let m = -228 - -236. Calculate the greatest common factor of m and 24.
8
Let p be -7*4*(4 + (-460)/112). Calculate the greatest common divisor of p and 11.
1
Let x(m) = 4*m**3 + m**2 - 4*m + 5. Let t be x(3). Suppose t = 6*j - j. Let i = j + 18. Calculate the greatest common divisor of 100 and i.
20
Suppose 0*c + x = -3*c + 648, 3*c - 5*x = 648. Calculate the greatest common divisor of c and 288.
72
Let c = 89 - 95. Let o be (-94)/c + (-8)/12. Suppose -4*q + 3*q + 6 = 0. What is the highest common factor of o and q?
3
Let l = -27 + 32. Let a(f) = -3*f - 12. Let m be a(-10). Let u be ((-10)/3)/((-3)/m). Calculate the highest common divisor of u and l.
5
Let o = 1737 + -1729. Let u = 262 + -148. Let t be u/2 - (1 + 0). What is the highest common divisor of o and t?
8
Suppose b + 4*y - 10 = -0*y, 2*b - 15 = -3*y. Let l be (32/b)/(8/(-396)*-3). What is the greatest common divisor of l and 11?
11
Let q be -1*(-2 - 0 - -4)*-10. What is the greatest common divisor of 12 and q?
4
Let u be (-4 + -1)*(-24)/15 - -136. What is the greatest common divisor of u and 96?
48
Suppose j + 0 = 3. Let n = 3 + j. Suppose 6*a = 4*o + a + 1, -5*o = 5*a - 55. Calculate the greatest common factor of o and n.
6
Let q be 9/(-6)*-2 - (16 + 2). Let o = q - -22. What is the highest common factor of o and 1?
1
Let s be (-108)/20 + 4/10. Let d = 0 - s. Let j be -5 + (2/(-4) - (-735)/70). What is the greatest common factor of d and j?
5
Suppose 0*s + 400 = 25*s. What is the highest common factor of 64 and s?
16
Let c(x) = -30*x - 10. Let y(p) = -p**2 + p + 5. Let q be y(4). Let w be c(q). Let j = -35 + 60. What is the greatest common factor of w and j?
25
Let j = -27 - -81. Suppose 0 = 3*h - j - 21. What is the highest common divisor of h and 225?
25
Let q = -28 + 43. Suppose -q = -4*r - 47. Let d = r - -31. Calculate the highest common divisor of d and 253.
23
Let l = -139 + 230. Calculate the highest common factor of 7 and l.
7
Let b(p) = -p**2 - 8*p + 1. Let c be b(-8). Let d(v) = 14*v + 3. Let h be d(c). Calculate the highest common factor of 153 and h.
17
Let f(n) = 14*n**2 - 5*n + 6. Let l be f(-2). Calculate the greatest common divisor of 198 and l.
18
Suppose 0 = -6*t + 291 - 237. Calculate the greatest common factor of t and 33.
3
Suppose 5*s - 5*n - 15 = -0*s, -4*n + 2 = 3*s. Suppose -4*v = -5*y - v + 70, s*y = 2*v + 32. Calculate the greatest common divisor of y and 88.
11
Suppose -5*u = 66*q - 61*q - 1220, -4*q + 5*u = -967. Let k = -34 - -96. Let v = k + -35. What is the greatest common divisor of v and q?
27
Suppose 23 = 4*g - 3*m, 3*g = -5*m + 10 - 0. Suppose -64 - 651 = -g*n. What is the highest common factor of 13 and n?
13
Let t = 46 - -2. Let u = 53 + 77. Suppose 3*x - u - 86 = 0. What is the greatest common divisor of t and x?
24
Suppose -5*y = p, -p = -y - 3*y - 27. Suppose -3*z = 4*o - 23, 19 = 43*z - 38*z - 3*o. Calculate the highest common factor of p and z.
5
Let f = 22 - 18. Suppose 4*j + 5*n = -1, f*j = 2*j + 4*n - 20. Let u be j/(-1 + (-5)/(-6)). What is the highest common divisor of u and 36?
12
Suppose 7*n + 257 = 5360. What is the highest common factor of 27 and n?
27
Let k(f) = 1. Let y(u) = -u - 29. Let r(w) = 3*k(w) - y(w). Let d be r(-13). What is the highest common divisor of 76 and d?
19
Let v = -111 + 113. Suppose 0 = o - 3*o + 4. Calculate the greatest common factor of o and v.
2
Let q be (-10*(-27)/45)/(6/4). Let k(g) = -16*g + 3. Let r(z) = -1. Let u(n) = -k(n) + 4*r(n). Let f be u(q). What is the highest common factor of 38 and f?
19
Let s(o) = o**3 - o**2 - 9*o + 6. Let k be s(4). Let w(i) = -2*i + 37. Let t be w(k). Calculate the greatest common factor of 9 and t.
1
Suppose -3*k - 4 = h, -15 = -5*h + 3*k + 37. What is the highest common factor of 440 and h?
8
Let p = -34 + 77. Let d = -20 + p. Calculate the greatest common divisor of 115 and d.
23
Suppose -31*y + 1349 + 1317 = 0. What is the highest common factor of y and 731?
43
Let r be 0 - (-38)/4 - (-1)/(-2). What is the highest common divi